{"id":61,"date":"2025-06-19T18:49:49","date_gmt":"2025-06-19T18:49:49","guid":{"rendered":"https:\/\/kantorradzymin.com\/?page_id=61"},"modified":"2025-07-20T17:49:10","modified_gmt":"2025-07-20T17:49:10","slug":"inne-uslugi","status":"publish","type":"page","link":"https:\/\/kantorradzymin.com\/?page_id=61","title":{"rendered":"INNE US\u0141UGI"},"content":{"rendered":"\t\t<div data-elementor-type=\"wp-page\" data-elementor-id=\"61\" class=\"elementor elementor-61\">\n\t\t\t\t<div class=\"elementor-element elementor-element-b3599fb e-flex e-con-boxed e-con e-parent\" data-id=\"b3599fb\" data-element_type=\"container\" data-e-type=\"container\">\n\t\t\t\t\t<div class=\"e-con-inner\">\n\t\t\t\t<div class=\"elementor-element elementor-element-7f718c7 elementor-widget elementor-widget-text-editor\" data-id=\"7f718c7\" data-element_type=\"widget\" data-e-type=\"widget\" data-widget_type=\"text-editor.default\">\n\t\t\t\t<div class=\"elementor-widget-container\">\n\t\t\t\t\t\t\t\t\t<p><\/p>\n<p><style>\n    body {<br \/>      margin: 0;<br \/>      padding: 30px;<br \/>      font-family: 'Segoe UI', sans-serif;<br \/>      background-image: urlauto=format&fit=crop&w=1600&q=80');<br \/>      background-size: cover;<br \/>      background-position: center;<br \/>      background-attachment: fixed;<br \/>      color: #ff0000;<br \/>    }<\/p>\n<p>    .container {<br \/>      max-width: 900px;<br \/>      margin: auto;<br \/>      padding: 0;<br \/>      \/* brak t\u0142a *\/<br \/>      background: none;<br \/>      box-shadow: none;<br \/>      border-radius: 0;<br \/>    }<\/p>\n<p>    table {<br \/>      width: 100%;<br \/>      border-collapse: collapse;<br \/>    }<\/p>\n<p>    td {<br \/>      padding: 15px 10px;<br \/>      vertical-align: top;<br \/>    }<\/p>\n<p>    h2 {<br \/>      margin-bottom: 10px;<br \/>      color: #FF0000; \/* czerwone nag\u0142\u00f3wki *\/<br \/>      font-size: 1.6em;<br \/>    }<\/p>\n<p>    ul {<br \/>      margin-top: 0;<br \/>      padding-left: 20px;<br \/>    }<\/p>\n<p>    ul li {<br \/>      margin-bottom: 6px;<br \/>      color: #ff0000; \/* bia\u0142e podpunkty *\/<br \/>      font-size: 1em;<br \/>    }<br \/>  <\/style>\n<\/p>\n<div class=\"container\">\n<table>\n<tbody>\n<tr>\n<td>\n<p><strong>Us\u0142ugi Finansowe<\/strong><\/p>\n<ul>\n<li>Wymiana walut w atrakcyjnych kursach<\/li>\n<li>Szybka obs\u0142uga i przejrzyste warunki<\/li>\n<\/ul>\n<\/td>\n<\/tr>\n<tr>\n<td>\n<p><strong>Punkt Op\u0142at<\/strong><\/p>\n<ul>\n<li>Op\u0142aty za pr\u0105d, gaz, wod\u0119, telefon i internet<\/li>\n<li>Mo\u017cliwo\u015b\u0107 realizacji p\u0142atno\u015bci got\u00f3wk\u0105&nbsp;<\/li>\n<\/ul>\n<\/td>\n<\/tr>\n<tr>\n<td>\n<p><strong>Przekazy Krajowe i Zagraniczne (Western Union) (RIA)<\/strong><\/p>\n<ul>\n<li>Szybkie wysy\u0142anie i odbieranie pieni\u0119dzy na ca\u0142ym \u015bwiecie<\/li>\n<li>Bezpieczne transakcje z potwierdzeniem<\/li>\n<\/ul>\n<\/td>\n<\/tr>\n<\/tbody>\n<\/table>\n<\/div>\t\t\t\t\t\t\t\t<\/div>\n\t\t\t\t<\/div>\n\t\t\t\t\t<\/div>\n\t\t\t\t<\/div>\n\t\t\t\t<\/div>\n\t\t","protected":false},"excerpt":{"rendered":"<p>Us\u0142ugi Finansowe Wymiana walut w atrakcyjnych kursach Szybka obs\u0142uga i przejrzyste warunki Punkt Op\u0142at Op\u0142aty za pr\u0105d, gaz, wod\u0119, telefon [&hellip;]<\/p>\n","protected":false},"author":1,"featured_media":0,"parent":0,"menu_order":0,"comment_status":"closed","ping_status":"closed","template":"","meta":{"site-sidebar-layout":"no-sidebar","site-content-layout":"","ast-site-content-layout":"full-width-container","site-content-style":"default","site-sidebar-style":"default","ast-global-header-display":"","ast-banner-title-visibility":"","ast-main-header-display":"","ast-hfb-above-header-display":"","ast-hfb-below-header-display":"","ast-hfb-mobile-header-display":"","site-post-title":"disabled","ast-breadcrumbs-content":"","ast-featured-img":"disabled","footer-sml-layout":"","ast-disable-related-posts":"","theme-transparent-header-meta":"","adv-header-id-meta":"","stick-header-meta":"","header-above-stick-meta":"","header-main-stick-meta":"","header-below-stick-meta":"","astra-migrate-meta-layouts":"default","ast-page-background-enabled":"default","ast-page-background-meta":{"desktop":{"background-color":"var(--ast-global-color-5)","background-image":"","background-repeat":"repeat","background-position":"center center","background-size":"auto","background-attachment":"scroll","background-type":"","background-media":"","overlay-type":"","overlay-color":"","overlay-opacity":"","overlay-gradient":""},"tablet":{"background-color":"","background-image":"","background-repeat":"repeat","background-position":"center center","background-size":"auto","background-attachment":"scroll","background-type":"","background-media":"","overlay-type":"","overlay-color":"","overlay-opacity":"","overlay-gradient":""},"mobile":{"background-color":"","background-image":"","background-repeat":"repeat","background-position":"center center","background-size":"auto","background-attachment":"scroll","background-type":"","background-media":"","overlay-type":"","overlay-color":"","overlay-opacity":"","overlay-gradient":""}},"ast-content-background-meta":{"desktop":{"background-color":"var(--ast-global-color-4)","background-image":"","background-repeat":"repeat","background-position":"center center","background-size":"auto","background-attachment":"scroll","background-type":"","background-media":"","overlay-type":"","overlay-color":"","overlay-opacity":"","overlay-gradient":""},"tablet":{"background-color":"var(--ast-global-color-4)","background-image":"","background-repeat":"repeat","background-position":"center center","background-size":"auto","background-attachment":"scroll","background-type":"","background-media":"","overlay-type":"","overlay-color":"","overlay-opacity":"","overlay-gradient":""},"mobile":{"background-color":"var(--ast-global-color-4)","background-image":"","background-repeat":"repeat","background-position":"center center","background-size":"auto","background-attachment":"scroll","background-type":"","background-media":"","overlay-type":"","overlay-color":"","overlay-opacity":"","overlay-gradient":""}},"footnotes":""},"class_list":["post-61","page","type-page","status-publish","hentry"],"_links":{"self":[{"href":"https:\/\/kantorradzymin.com\/index.php?rest_route=\/wp\/v2\/pages\/61","targetHints":{"allow":["GET"]}}],"collection":[{"href":"https:\/\/kantorradzymin.com\/index.php?rest_route=\/wp\/v2\/pages"}],"about":[{"href":"https:\/\/kantorradzymin.com\/index.php?rest_route=\/wp\/v2\/types\/page"}],"author":[{"embeddable":true,"href":"https:\/\/kantorradzymin.com\/index.php?rest_route=\/wp\/v2\/users\/1"}],"replies":[{"embeddable":true,"href":"https:\/\/kantorradzymin.com\/index.php?rest_route=%2Fwp%2Fv2%2Fcomments&post=61"}],"version-history":[{"count":13,"href":"https:\/\/kantorradzymin.com\/index.php?rest_route=\/wp\/v2\/pages\/61\/revisions"}],"predecessor-version":[{"id":1495,"href":"https:\/\/kantorradzymin.com\/index.php?rest_route=\/wp\/v2\/pages\/61\/revisions\/1495"}],"wp:attachment":[{"href":"https:\/\/kantorradzymin.com\/index.php?rest_route=%2Fwp%2Fv2%2Fmedia&parent=61"}],"curies":[{"name":"wp","href":"https:\/\/api.w.org\/{rel}","templated":true}]}}